{"id":361,"date":"2022-06-12T17:30:25","date_gmt":"2022-06-12T17:30:25","guid":{"rendered":"https:\/\/ambiglobal.com\/web\/?page_id=361"},"modified":"2023-05-05T09:34:10","modified_gmt":"2023-05-05T09:34:10","slug":"seguranca-no-trabalho","status":"publish","type":"page","link":"https:\/\/ambiglobal.com\/web\/seguranca-no-trabalho\/","title":{"rendered":"Seguran\u00e7a no Trabalho"},"content":{"rendered":"\n<div id=\"wp-block-themeisle-blocks-advanced-columns-b59cb4f4\" class=\"wp-block-themeisle-blocks-advanced-columns alignfull has-2-columns has-desktop-equal-layout has-tablet-equal-layout has-mobile-collapsedRows-layout has-vertical-unset\"><div class=\"wp-block-themeisle-blocks-advanced-columns-overlay\"><\/div><div class=\"innerblocks-wrap\">\n<div id=\"wp-block-themeisle-blocks-advanced-column-eb7de5a4\" class=\"wp-block-themeisle-blocks-advanced-column\">\n<h3 class=\"wp-block-heading has-large-font-size\">Seguran\u00e7a no Trabalho<\/h3>\n\n\n\n<p>O Servi\u00e7o de Seguran\u00e7a no Trabalho \u00e9 obrigat\u00f3rio para todas as empresas com trabalhadores contratados ou espa\u00e7os abertos ao p\u00fablico, comerciais, escrit\u00f3rios ou industriais.&nbsp;Ap\u00f3s realiza\u00e7\u00e3o da auditoria de Seguran\u00e7a do Trabalho procede-se \u00e0<strong> An\u00e1lise e Avalia\u00e7\u00e3o de Riscos<\/strong>, sendo elaborado o respetivo relat\u00f3rio, segundo o&nbsp;<a href=\"https:\/\/dre.pt\/dre\/detalhe\/lei\/102-2009-490009\">Artigo 98\u00ba \u2013 Lei n.\u00ba 102\/2009<\/a>.<\/p>\n\n\n\n<p>Ambiglobal&nbsp; apoia os seus Clientes no cumprimento da legisla\u00e7\u00e3o em vigor mediante a implementa\u00e7\u00e3o de um plano de a\u00e7\u00e3o de acordo com as suas necessidades, riscos profissionais e sector de atividade. Cada cliente \u00e9 \u00fanico.<\/p>\n\n\n\n<p><strong>Este servi\u00e7o \u00e9 executado por T\u00e9cnicos de Seguran\u00e7a e Higiene do Trabalho, habilitados com forma\u00e7\u00e3o superior adequada e com certifica\u00e7\u00e3o pela Autoridade para as Condi\u00e7\u00f5es de Trabalho (CAP \u2013 Certificado de Aptid\u00e3o Profissional).<\/strong><\/p>\n\n\n\n<p>Conhe\u00e7a os nossos <strong>Servi\u00e7os de Seguran\u00e7a no Trabalho<\/strong><\/p>\n\n\n\n<ul class=\"wp-block-list\">\n<li>Auditorias de Seguran\u00e7a e Higiene do Trabalho;<\/li>\n\n\n\n<li>Avalia\u00e7\u00f5es de riscos tendo em conta o tipo de estabelecimento e as suas necessidades;<\/li>\n\n\n\n<li>Avalia\u00e7\u00e3o de Ru\u00eddo Ocupacional;<\/li>\n\n\n\n<li>Avalia\u00e7\u00e3o de Qualidade do Ar;<\/li>\n\n\n\n<li>Avalia\u00e7\u00e3o de Ilumin\u00e2ncia;<\/li>\n\n\n\n<li>Avalia\u00e7\u00e3o de Compostos Org\u00e2nicos Vol\u00e1teis (COV\u2019s);<\/li>\n\n\n\n<li>Caracteriza\u00e7\u00e3o de Efluentes Gasosos;<\/li>\n\n\n\n<li>Avalia\u00e7\u00e3o de Poeiras;<\/li>\n\n\n\n<li>Avalia\u00e7\u00e3o de Riscos Psicossociais;<\/li>\n\n\n\n<li>Avalia\u00e7\u00e3o Integrada de Riscos a Agentes Qu\u00edmicos CMR (Cancer\u00edgenos | Mutag\u00e9nicos | T\u00f3xicos para Reprodu\u00e7\u00e3o);<\/li>\n\n\n\n<li>Medidas de Autoprote\u00e7\u00e3o;<\/li>\n\n\n\n<li><a href=\"https:\/\/ambiglobal.com\/web\/cursos-disponiveis\/\">Forma\u00e7\u00e3o Profissional Certificada;<\/a><\/li>\n\n\n\n<li>Planos de Emerg\u00eancia;<\/li>\n\n\n\n<li>Coordena\u00e7\u00e3o de Seguran\u00e7a em Obra<\/li>\n<\/ul>\n<\/div>\n\n\n\n<div id=\"wp-block-themeisle-blocks-advanced-column-178e6401\" class=\"wp-block-themeisle-blocks-advanced-column\">\n<div style=\"height:196px\" aria-hidden=\"true\" class=\"wp-block-spacer\"><\/div>\n\n\n\n<figure class=\"wp-block-gallery has-nested-images columns-default is-cropped wp-block-gallery-1 is-layout-flex wp-block-gallery-is-layout-flex\">\n<figure class=\"wp-block-image size-large\"><img loading=\"lazy\" decoding=\"async\" width=\"1500\" height=\"1001\" data-id=\"716\" src=\"https:\/\/ambiglobal.com\/web\/wp-content\/uploads\/2022\/08\/unrecognizable-man-neon-safety-vest-business-suit-sitting-desk-using-laptop.jpg\" alt=\"T\u00e9cnico de Seguran\u00e7a\" class=\"wp-image-716\" srcset=\"https:\/\/ambiglobal.com\/web\/wp-content\/uploads\/2022\/08\/unrecognizable-man-neon-safety-vest-business-suit-sitting-desk-using-laptop.jpg 1500w, https:\/\/ambiglobal.com\/web\/wp-content\/uploads\/2022\/08\/unrecognizable-man-neon-safety-vest-business-suit-sitting-desk-using-laptop-300x200.jpg 300w, https:\/\/ambiglobal.com\/web\/wp-content\/uploads\/2022\/08\/unrecognizable-man-neon-safety-vest-business-suit-sitting-desk-using-laptop-1024x683.jpg 1024w, https:\/\/ambiglobal.com\/web\/wp-content\/uploads\/2022\/08\/unrecognizable-man-neon-safety-vest-business-suit-sitting-desk-using-laptop-768x513.jpg 768w, https:\/\/ambiglobal.com\/web\/wp-content\/uploads\/2022\/08\/unrecognizable-man-neon-safety-vest-business-suit-sitting-desk-using-laptop-930x620.jpg 930w\" sizes=\"auto, (max-width: 1500px) 100vw, 1500px\" \/><\/figure>\n<\/figure>\n\n\n\n<div style=\"height:100px\" aria-hidden=\"true\" class=\"wp-block-spacer\"><\/div>\n\n\n\n<figure class=\"wp-block-image size-large\"><img loading=\"lazy\" decoding=\"async\" width=\"1024\" height=\"512\" src=\"https:\/\/ambiglobal.com\/web\/wp-content\/uploads\/2022\/09\/image-8-1024x512.png\" alt=\"\" class=\"wp-image-762\" srcset=\"https:\/\/ambiglobal.com\/web\/wp-content\/uploads\/2022\/09\/image-8-1024x512.png 1024w, https:\/\/ambiglobal.com\/web\/wp-content\/uploads\/2022\/09\/image-8-300x150.png 300w, https:\/\/ambiglobal.com\/web\/wp-content\/uploads\/2022\/09\/image-8-768x384.png 768w, https:\/\/ambiglobal.com\/web\/wp-content\/uploads\/2022\/09\/image-8.png 1200w\" sizes=\"auto, (max-width: 1024px) 100vw, 1024px\" \/><\/figure>\n\n\n\n<p> <\/p>\n<\/div>\n<\/div><\/div>\n","protected":false},"excerpt":{"rendered":"","protected":false},"author":1,"featured_media":0,"parent":0,"menu_order":0,"comment_status":"closed","ping_status":"closed","template":"","meta":{"neve_meta_sidebar":"full-width","neve_meta_container":"","neve_meta_enable_content_width":"on","neve_meta_content_width":100,"neve_meta_title_alignment":"","neve_meta_author_avatar":"","neve_post_elements_order":"","neve_meta_disable_header":"","neve_meta_disable_footer":"","neve_meta_disable_title":"on","_themeisle_gutenberg_block_has_review":false,"footnotes":""},"class_list":["post-361","page","type-page","status-publish","hentry"],"yoast_head":"<!-- This site is optimized with the Yoast SEO plugin v27.3 - https:\/\/yoast.com\/product\/yoast-seo-wordpress\/ -->\n<title>Seguran\u00e7a no Trabalho - Ambiglobal<\/title>\n<meta name=\"description\" content=\"O Servi\u00e7o de Seguran\u00e7a no Trabalho \u00e9 obrigat\u00f3rio para todas as empresas com trabalhadores contratados ou espa\u00e7os abertos.\" \/>\n<meta name=\"robots\" content=\"index, follow, max-snippet:-1, max-image-preview:large, max-video-preview:-1\" \/>\n<link rel=\"canonical\" href=\"https:\/\/ambiglobal.com\/web\/seguranca-no-trabalho\/\" \/>\n<meta property=\"og:locale\" content=\"pt_PT\" \/>\n<meta property=\"og:type\" content=\"article\" \/>\n<meta property=\"og:title\" content=\"Seguran\u00e7a no Trabalho - Ambiglobal\" \/>\n<meta property=\"og:description\" content=\"O Servi\u00e7o de Seguran\u00e7a no Trabalho \u00e9 obrigat\u00f3rio para todas as empresas com trabalhadores contratados ou espa\u00e7os abertos.\" \/>\n<meta property=\"og:url\" content=\"https:\/\/ambiglobal.com\/web\/seguranca-no-trabalho\/\" \/>\n<meta property=\"og:site_name\" content=\"Ambiglobal\" \/>\n<meta property=\"article:modified_time\" content=\"2023-05-05T09:34:10+00:00\" \/>\n<meta property=\"og:image\" content=\"https:\/\/ambiglobal.com\/web\/wp-content\/uploads\/2022\/08\/unrecognizable-man-neon-safety-vest-business-suit-sitting-desk-using-laptop.jpg\" \/>\n<meta name=\"twitter:card\" content=\"summary_large_image\" \/>\n<meta name=\"twitter:label1\" content=\"Tempo estimado de leitura\" \/>\n\t<meta name=\"twitter:data1\" content=\"2 minutos\" \/>\n<script type=\"application\/ld+json\" class=\"yoast-schema-graph\">{\"@context\":\"https:\\\/\\\/schema.org\",\"@graph\":[{\"@type\":\"WebPage\",\"@id\":\"https:\\\/\\\/ambiglobal.com\\\/web\\\/seguranca-no-trabalho\\\/\",\"url\":\"https:\\\/\\\/ambiglobal.com\\\/web\\\/seguranca-no-trabalho\\\/\",\"name\":\"Seguran\u00e7a no Trabalho - Ambiglobal\",\"isPartOf\":{\"@id\":\"https:\\\/\\\/ambiglobal.com\\\/web\\\/#website\"},\"primaryImageOfPage\":{\"@id\":\"https:\\\/\\\/ambiglobal.com\\\/web\\\/seguranca-no-trabalho\\\/#primaryimage\"},\"image\":{\"@id\":\"https:\\\/\\\/ambiglobal.com\\\/web\\\/seguranca-no-trabalho\\\/#primaryimage\"},\"thumbnailUrl\":\"https:\\\/\\\/ambiglobal.com\\\/web\\\/wp-content\\\/uploads\\\/2022\\\/08\\\/unrecognizable-man-neon-safety-vest-business-suit-sitting-desk-using-laptop.jpg\",\"datePublished\":\"2022-06-12T17:30:25+00:00\",\"dateModified\":\"2023-05-05T09:34:10+00:00\",\"description\":\"O Servi\u00e7o de Seguran\u00e7a no Trabalho \u00e9 obrigat\u00f3rio para todas as empresas com trabalhadores contratados ou espa\u00e7os abertos.\",\"breadcrumb\":{\"@id\":\"https:\\\/\\\/ambiglobal.com\\\/web\\\/seguranca-no-trabalho\\\/#breadcrumb\"},\"inLanguage\":\"pt-PT\",\"potentialAction\":[{\"@type\":\"ReadAction\",\"target\":[\"https:\\\/\\\/ambiglobal.com\\\/web\\\/seguranca-no-trabalho\\\/\"]}]},{\"@type\":\"ImageObject\",\"inLanguage\":\"pt-PT\",\"@id\":\"https:\\\/\\\/ambiglobal.com\\\/web\\\/seguranca-no-trabalho\\\/#primaryimage\",\"url\":\"https:\\\/\\\/ambiglobal.com\\\/web\\\/wp-content\\\/uploads\\\/2022\\\/08\\\/unrecognizable-man-neon-safety-vest-business-suit-sitting-desk-using-laptop.jpg\",\"contentUrl\":\"https:\\\/\\\/ambiglobal.com\\\/web\\\/wp-content\\\/uploads\\\/2022\\\/08\\\/unrecognizable-man-neon-safety-vest-business-suit-sitting-desk-using-laptop.jpg\",\"width\":1500,\"height\":1001,\"caption\":\"T\u00e9cnico de Seguran\u00e7a Ambiglobal\"},{\"@type\":\"BreadcrumbList\",\"@id\":\"https:\\\/\\\/ambiglobal.com\\\/web\\\/seguranca-no-trabalho\\\/#breadcrumb\",\"itemListElement\":[{\"@type\":\"ListItem\",\"position\":1,\"name\":\"In\u00edcio\",\"item\":\"https:\\\/\\\/ambiglobal.com\\\/web\\\/\"},{\"@type\":\"ListItem\",\"position\":2,\"name\":\"Seguran\u00e7a no Trabalho\"}]},{\"@type\":\"WebSite\",\"@id\":\"https:\\\/\\\/ambiglobal.com\\\/web\\\/#website\",\"url\":\"https:\\\/\\\/ambiglobal.com\\\/web\\\/\",\"name\":\"Ambiglobal\",\"description\":\"Medicina, Seguran\u00e7a e Forma\u00e7\u00e3o\",\"publisher\":{\"@id\":\"https:\\\/\\\/ambiglobal.com\\\/web\\\/#organization\"},\"potentialAction\":[{\"@type\":\"SearchAction\",\"target\":{\"@type\":\"EntryPoint\",\"urlTemplate\":\"https:\\\/\\\/ambiglobal.com\\\/web\\\/?s={search_term_string}\"},\"query-input\":{\"@type\":\"PropertyValueSpecification\",\"valueRequired\":true,\"valueName\":\"search_term_string\"}}],\"inLanguage\":\"pt-PT\"},{\"@type\":\"Organization\",\"@id\":\"https:\\\/\\\/ambiglobal.com\\\/web\\\/#organization\",\"name\":\"Ambiglobal\",\"url\":\"https:\\\/\\\/ambiglobal.com\\\/web\\\/\",\"logo\":{\"@type\":\"ImageObject\",\"inLanguage\":\"pt-PT\",\"@id\":\"https:\\\/\\\/ambiglobal.com\\\/web\\\/#\\\/schema\\\/logo\\\/image\\\/\",\"url\":\"https:\\\/\\\/ambiglobal.com\\\/web\\\/wp-content\\\/uploads\\\/2020\\\/12\\\/neve-doctor-logo-2.png\",\"contentUrl\":\"https:\\\/\\\/ambiglobal.com\\\/web\\\/wp-content\\\/uploads\\\/2020\\\/12\\\/neve-doctor-logo-2.png\",\"width\":200,\"height\":200,\"caption\":\"Ambiglobal\"},\"image\":{\"@id\":\"https:\\\/\\\/ambiglobal.com\\\/web\\\/#\\\/schema\\\/logo\\\/image\\\/\"}}]}<\/script>\n<!-- \/ Yoast SEO plugin. -->","yoast_head_json":{"title":"Seguran\u00e7a no Trabalho - Ambiglobal","description":"O Servi\u00e7o de Seguran\u00e7a no Trabalho \u00e9 obrigat\u00f3rio para todas as empresas com trabalhadores contratados ou espa\u00e7os abertos.","robots":{"index":"index","follow":"follow","max-snippet":"max-snippet:-1","max-image-preview":"max-image-preview:large","max-video-preview":"max-video-preview:-1"},"canonical":"https:\/\/ambiglobal.com\/web\/seguranca-no-trabalho\/","og_locale":"pt_PT","og_type":"article","og_title":"Seguran\u00e7a no Trabalho - Ambiglobal","og_description":"O Servi\u00e7o de Seguran\u00e7a no Trabalho \u00e9 obrigat\u00f3rio para todas as empresas com trabalhadores contratados ou espa\u00e7os abertos.","og_url":"https:\/\/ambiglobal.com\/web\/seguranca-no-trabalho\/","og_site_name":"Ambiglobal","article_modified_time":"2023-05-05T09:34:10+00:00","og_image":[{"url":"https:\/\/ambiglobal.com\/web\/wp-content\/uploads\/2022\/08\/unrecognizable-man-neon-safety-vest-business-suit-sitting-desk-using-laptop.jpg","type":"","width":"","height":""}],"twitter_card":"summary_large_image","twitter_misc":{"Tempo estimado de leitura":"2 minutos"},"schema":{"@context":"https:\/\/schema.org","@graph":[{"@type":"WebPage","@id":"https:\/\/ambiglobal.com\/web\/seguranca-no-trabalho\/","url":"https:\/\/ambiglobal.com\/web\/seguranca-no-trabalho\/","name":"Seguran\u00e7a no Trabalho - Ambiglobal","isPartOf":{"@id":"https:\/\/ambiglobal.com\/web\/#website"},"primaryImageOfPage":{"@id":"https:\/\/ambiglobal.com\/web\/seguranca-no-trabalho\/#primaryimage"},"image":{"@id":"https:\/\/ambiglobal.com\/web\/seguranca-no-trabalho\/#primaryimage"},"thumbnailUrl":"https:\/\/ambiglobal.com\/web\/wp-content\/uploads\/2022\/08\/unrecognizable-man-neon-safety-vest-business-suit-sitting-desk-using-laptop.jpg","datePublished":"2022-06-12T17:30:25+00:00","dateModified":"2023-05-05T09:34:10+00:00","description":"O Servi\u00e7o de Seguran\u00e7a no Trabalho \u00e9 obrigat\u00f3rio para todas as empresas com trabalhadores contratados ou espa\u00e7os abertos.","breadcrumb":{"@id":"https:\/\/ambiglobal.com\/web\/seguranca-no-trabalho\/#breadcrumb"},"inLanguage":"pt-PT","potentialAction":[{"@type":"ReadAction","target":["https:\/\/ambiglobal.com\/web\/seguranca-no-trabalho\/"]}]},{"@type":"ImageObject","inLanguage":"pt-PT","@id":"https:\/\/ambiglobal.com\/web\/seguranca-no-trabalho\/#primaryimage","url":"https:\/\/ambiglobal.com\/web\/wp-content\/uploads\/2022\/08\/unrecognizable-man-neon-safety-vest-business-suit-sitting-desk-using-laptop.jpg","contentUrl":"https:\/\/ambiglobal.com\/web\/wp-content\/uploads\/2022\/08\/unrecognizable-man-neon-safety-vest-business-suit-sitting-desk-using-laptop.jpg","width":1500,"height":1001,"caption":"T\u00e9cnico de Seguran\u00e7a Ambiglobal"},{"@type":"BreadcrumbList","@id":"https:\/\/ambiglobal.com\/web\/seguranca-no-trabalho\/#breadcrumb","itemListElement":[{"@type":"ListItem","position":1,"name":"In\u00edcio","item":"https:\/\/ambiglobal.com\/web\/"},{"@type":"ListItem","position":2,"name":"Seguran\u00e7a no Trabalho"}]},{"@type":"WebSite","@id":"https:\/\/ambiglobal.com\/web\/#website","url":"https:\/\/ambiglobal.com\/web\/","name":"Ambiglobal","description":"Medicina, Seguran\u00e7a e Forma\u00e7\u00e3o","publisher":{"@id":"https:\/\/ambiglobal.com\/web\/#organization"},"potentialAction":[{"@type":"SearchAction","target":{"@type":"EntryPoint","urlTemplate":"https:\/\/ambiglobal.com\/web\/?s={search_term_string}"},"query-input":{"@type":"PropertyValueSpecification","valueRequired":true,"valueName":"search_term_string"}}],"inLanguage":"pt-PT"},{"@type":"Organization","@id":"https:\/\/ambiglobal.com\/web\/#organization","name":"Ambiglobal","url":"https:\/\/ambiglobal.com\/web\/","logo":{"@type":"ImageObject","inLanguage":"pt-PT","@id":"https:\/\/ambiglobal.com\/web\/#\/schema\/logo\/image\/","url":"https:\/\/ambiglobal.com\/web\/wp-content\/uploads\/2020\/12\/neve-doctor-logo-2.png","contentUrl":"https:\/\/ambiglobal.com\/web\/wp-content\/uploads\/2020\/12\/neve-doctor-logo-2.png","width":200,"height":200,"caption":"Ambiglobal"},"image":{"@id":"https:\/\/ambiglobal.com\/web\/#\/schema\/logo\/image\/"}}]}},"_links":{"self":[{"href":"https:\/\/ambiglobal.com\/web\/wp-json\/wp\/v2\/pages\/361","targetHints":{"allow":["GET"]}}],"collection":[{"href":"https:\/\/ambiglobal.com\/web\/wp-json\/wp\/v2\/pages"}],"about":[{"href":"https:\/\/ambiglobal.com\/web\/wp-json\/wp\/v2\/types\/page"}],"author":[{"embeddable":true,"href":"https:\/\/ambiglobal.com\/web\/wp-json\/wp\/v2\/users\/1"}],"replies":[{"embeddable":true,"href":"https:\/\/ambiglobal.com\/web\/wp-json\/wp\/v2\/comments?post=361"}],"version-history":[{"count":12,"href":"https:\/\/ambiglobal.com\/web\/wp-json\/wp\/v2\/pages\/361\/revisions"}],"predecessor-version":[{"id":1118,"href":"https:\/\/ambiglobal.com\/web\/wp-json\/wp\/v2\/pages\/361\/revisions\/1118"}],"wp:attachment":[{"href":"https:\/\/ambiglobal.com\/web\/wp-json\/wp\/v2\/media?parent=361"}],"curies":[{"name":"wp","href":"https:\/\/api.w.org\/{rel}","templated":true}]}}