{"id":76,"date":"2020-06-17T12:34:02","date_gmt":"2020-06-17T12:34:02","guid":{"rendered":"https:\/\/demosites.io\/doctor-gb\/?page_id=76"},"modified":"2023-01-08T17:17:43","modified_gmt":"2023-01-08T17:17:43","slug":"home","status":"publish","type":"page","link":"https:\/\/ambiglobal.com\/web\/","title":{"rendered":"Home"},"content":{"rendered":"\n<div class=\"wp-block-columns alignfull is-layout-flex wp-container-core-columns-is-layout-9d6595d7 wp-block-columns-is-layout-flex\">\n<div class=\"wp-block-column is-layout-flow wp-block-column-is-layout-flow\">\n<figure class=\"wp-block-image alignfull size-large\"><img loading=\"lazy\" decoding=\"async\" width=\"1024\" height=\"205\" src=\"https:\/\/ambiglobal.com\/web\/wp-content\/uploads\/2022\/08\/Facebook_capa-1-edited-e1660913224566-1024x205.png\" alt=\"\" class=\"wp-image-697\" srcset=\"https:\/\/ambiglobal.com\/web\/wp-content\/uploads\/2022\/08\/Facebook_capa-1-edited-e1660913224566-1024x205.png 1024w, https:\/\/ambiglobal.com\/web\/wp-content\/uploads\/2022\/08\/Facebook_capa-1-edited-e1660913224566-300x60.png 300w, https:\/\/ambiglobal.com\/web\/wp-content\/uploads\/2022\/08\/Facebook_capa-1-edited-e1660913224566-768x154.png 768w, https:\/\/ambiglobal.com\/web\/wp-content\/uploads\/2022\/08\/Facebook_capa-1-edited-e1660913224566-1536x307.png 1536w, https:\/\/ambiglobal.com\/web\/wp-content\/uploads\/2022\/08\/Facebook_capa-1-edited-e1660913224566-2048x409.png 2048w\" sizes=\"auto, (max-width: 1024px) 100vw, 1024px\" \/><\/figure>\n<\/div>\n<\/div>\n\n\n\n<div style=\"height:35px\" aria-hidden=\"true\" class=\"wp-block-spacer\"><\/div>\n\n\n\n<p>A Ambiglobal nasceu em 1999, focando a sua atividade na \u00e1rea da<strong> Seguran\u00e7a e Sa\u00fade no Trabalho<\/strong> tendo alcan\u00e7ado as certifica\u00e7\u00f5es pela Autoridade para as Condi\u00e7\u00f5es de Trabalho e Dire\u00e7\u00e3o Geral da Sa\u00fade.<\/p>\n\n\n\n<p>Em 2015 alcan\u00e7ou a certifica\u00e7\u00e3o da DGERT enquanto entidade formadora certificada no \u00e2mbito da forma\u00e7\u00e3o profissional para empresas e clientes particulares, tendo apostado no desenvolvimento deste departamento nos \u00faltimos 7 anos. Os nossos servi\u00e7os de consultoria e forma\u00e7\u00e3o profissional visam a m\u00e1xima satisfa\u00e7\u00e3o dos Clientes, Parceiros e Empresas. Apostamos em forma\u00e7\u00e3o de<strong> Qualidade, Din\u00e2mica e Pr\u00e1tica<\/strong>, com vista o <strong>desenvolvimento de soft e hard skills<\/strong> naqueles que participam nas nossas a\u00e7\u00f5es.<\/p>\n\n\n\n<p>Atualmente, aborda o mercado atrav\u00e9s de uma pol\u00edtica assente na qualidade, assumindo uma filosofia de melhoria cont\u00ednua, de forma a ir de encontro \u00e0s necessidades dos seus clientes, proporcionando a sua satisfa\u00e7\u00e3o e dos seus colaboradores.<\/p>\n\n\n\n<p><strong>Apostamos na diferencia\u00e7\u00e3o, otimiza\u00e7\u00e3o e produtividade.<\/strong><\/p>\n\n\n\n<div style=\"height:40px\" aria-hidden=\"true\" class=\"wp-block-spacer\"><\/div>\n\n\n\n<div class=\"wp-block-cover alignfull is-light\" style=\"min-height:300px;aspect-ratio:unset;\"><span aria-hidden=\"true\" class=\"wp-block-cover__background has-background-dim-90 has-background-dim has-background-gradient has-midnight-gradient-background\"><\/span><div class=\"wp-block-cover__inner-container is-layout-flow wp-block-cover-is-layout-flow\">\n<div class=\"wp-block-columns alignwide are-vertically-aligned-center is-layout-flex wp-container-core-columns-is-layout-9d6595d7 wp-block-columns-is-layout-flex\">\n<div class=\"wp-block-column is-vertically-aligned-center is-layout-flow wp-block-column-is-layout-flow\" style=\"flex-basis:66.66%\">\n<h1 class=\"has-nv-site-bg-color has-text-color wp-block-heading\">Fale Connosco!<\/h1>\n\n\n\n<div class=\"wp-block-buttons is-horizontal is-content-justification-left is-layout-flex wp-container-core-buttons-is-layout-7e5fce0a wp-block-buttons-is-layout-flex\">\n<div class=\"wp-block-button is-style-primary\"><a class=\"wp-block-button__link wp-element-button\" href=\"https:\/\/ambiglobal.com\/web\/contactos\/\">Contactos<\/a><\/div>\n<\/div>\n<\/div>\n<\/div>\n<\/div><\/div>\n\n\n\n<div style=\"height:40px\" aria-hidden=\"true\" class=\"wp-block-spacer\"><\/div>\n\n\n\n<figure class=\"wp-block-gallery alignwide has-nested-images columns-default is-cropped wp-block-gallery-1 is-layout-flex wp-block-gallery-is-layout-flex\">\n<figure class=\"wp-block-image size-large\"><img loading=\"lazy\" decoding=\"async\" width=\"2560\" height=\"1440\" data-id=\"398\" src=\"https:\/\/ambiglobal.com\/web\/wp-content\/uploads\/2022\/06\/entrada-scaled.jpg\" alt=\"\" class=\"wp-image-398\" srcset=\"https:\/\/ambiglobal.com\/web\/wp-content\/uploads\/2022\/06\/entrada-scaled.jpg 2560w, https:\/\/ambiglobal.com\/web\/wp-content\/uploads\/2022\/06\/entrada-300x169.jpg 300w, https:\/\/ambiglobal.com\/web\/wp-content\/uploads\/2022\/06\/entrada-1024x576.jpg 1024w, https:\/\/ambiglobal.com\/web\/wp-content\/uploads\/2022\/06\/entrada-768x432.jpg 768w, https:\/\/ambiglobal.com\/web\/wp-content\/uploads\/2022\/06\/entrada-1536x864.jpg 1536w, https:\/\/ambiglobal.com\/web\/wp-content\/uploads\/2022\/06\/entrada-2048x1152.jpg 2048w\" sizes=\"auto, (max-width: 2560px) 100vw, 2560px\" \/><\/figure>\n\n\n\n<figure class=\"wp-block-image size-large\"><img loading=\"lazy\" decoding=\"async\" width=\"2560\" height=\"1440\" data-id=\"399\" src=\"https:\/\/ambiglobal.com\/web\/wp-content\/uploads\/2022\/06\/entrada2-scaled.jpg\" alt=\"\" class=\"wp-image-399\" srcset=\"https:\/\/ambiglobal.com\/web\/wp-content\/uploads\/2022\/06\/entrada2-scaled.jpg 2560w, https:\/\/ambiglobal.com\/web\/wp-content\/uploads\/2022\/06\/entrada2-300x169.jpg 300w, https:\/\/ambiglobal.com\/web\/wp-content\/uploads\/2022\/06\/entrada2-1024x576.jpg 1024w, https:\/\/ambiglobal.com\/web\/wp-content\/uploads\/2022\/06\/entrada2-768x432.jpg 768w, https:\/\/ambiglobal.com\/web\/wp-content\/uploads\/2022\/06\/entrada2-1536x864.jpg 1536w, https:\/\/ambiglobal.com\/web\/wp-content\/uploads\/2022\/06\/entrada2-2048x1152.jpg 2048w\" sizes=\"auto, (max-width: 2560px) 100vw, 2560px\" \/><\/figure>\n\n\n\n<figure class=\"wp-block-image size-large\"><img loading=\"lazy\" decoding=\"async\" width=\"2560\" height=\"1440\" data-id=\"400\" src=\"https:\/\/ambiglobal.com\/web\/wp-content\/uploads\/2022\/06\/entrada3-scaled.jpg\" alt=\"\" class=\"wp-image-400\" srcset=\"https:\/\/ambiglobal.com\/web\/wp-content\/uploads\/2022\/06\/entrada3-scaled.jpg 2560w, https:\/\/ambiglobal.com\/web\/wp-content\/uploads\/2022\/06\/entrada3-300x169.jpg 300w, https:\/\/ambiglobal.com\/web\/wp-content\/uploads\/2022\/06\/entrada3-1024x576.jpg 1024w, https:\/\/ambiglobal.com\/web\/wp-content\/uploads\/2022\/06\/entrada3-768x432.jpg 768w, https:\/\/ambiglobal.com\/web\/wp-content\/uploads\/2022\/06\/entrada3-1536x864.jpg 1536w, https:\/\/ambiglobal.com\/web\/wp-content\/uploads\/2022\/06\/entrada3-2048x1152.jpg 2048w\" sizes=\"auto, (max-width: 2560px) 100vw, 2560px\" \/><\/figure>\n\n\n\n<figure class=\"wp-block-image size-large\"><img loading=\"lazy\" decoding=\"async\" width=\"2560\" height=\"1440\" data-id=\"401\" src=\"https:\/\/ambiglobal.com\/web\/wp-content\/uploads\/2022\/06\/exterior-scaled.jpg\" alt=\"\" class=\"wp-image-401\" srcset=\"https:\/\/ambiglobal.com\/web\/wp-content\/uploads\/2022\/06\/exterior-scaled.jpg 2560w, https:\/\/ambiglobal.com\/web\/wp-content\/uploads\/2022\/06\/exterior-300x169.jpg 300w, https:\/\/ambiglobal.com\/web\/wp-content\/uploads\/2022\/06\/exterior-1024x576.jpg 1024w, https:\/\/ambiglobal.com\/web\/wp-content\/uploads\/2022\/06\/exterior-768x432.jpg 768w, https:\/\/ambiglobal.com\/web\/wp-content\/uploads\/2022\/06\/exterior-1536x864.jpg 1536w, https:\/\/ambiglobal.com\/web\/wp-content\/uploads\/2022\/06\/exterior-2048x1152.jpg 2048w\" sizes=\"auto, (max-width: 2560px) 100vw, 2560px\" \/><\/figure>\n\n\n\n<figure class=\"wp-block-image size-large\"><img loading=\"lazy\" decoding=\"async\" width=\"2560\" height=\"1440\" data-id=\"402\" src=\"https:\/\/ambiglobal.com\/web\/wp-content\/uploads\/2022\/06\/sala-formaa\u2206o1-scaled.jpg\" alt=\"\" class=\"wp-image-402\" srcset=\"https:\/\/ambiglobal.com\/web\/wp-content\/uploads\/2022\/06\/sala-formaa\u2206o1-scaled.jpg 2560w, https:\/\/ambiglobal.com\/web\/wp-content\/uploads\/2022\/06\/sala-formaa\u2206o1-300x169.jpg 300w, https:\/\/ambiglobal.com\/web\/wp-content\/uploads\/2022\/06\/sala-formaa\u2206o1-1024x576.jpg 1024w, https:\/\/ambiglobal.com\/web\/wp-content\/uploads\/2022\/06\/sala-formaa\u2206o1-768x432.jpg 768w, https:\/\/ambiglobal.com\/web\/wp-content\/uploads\/2022\/06\/sala-formaa\u2206o1-1536x864.jpg 1536w, https:\/\/ambiglobal.com\/web\/wp-content\/uploads\/2022\/06\/sala-formaa\u2206o1-2048x1152.jpg 2048w\" sizes=\"auto, (max-width: 2560px) 100vw, 2560px\" \/><\/figure>\n\n\n\n<figure class=\"wp-block-image size-large\"><img loading=\"lazy\" decoding=\"async\" width=\"2560\" height=\"1440\" data-id=\"403\" src=\"https:\/\/ambiglobal.com\/web\/wp-content\/uploads\/2022\/06\/sala-formaa\u2206o2-scaled.jpg\" alt=\"\" class=\"wp-image-403\" srcset=\"https:\/\/ambiglobal.com\/web\/wp-content\/uploads\/2022\/06\/sala-formaa\u2206o2-scaled.jpg 2560w, https:\/\/ambiglobal.com\/web\/wp-content\/uploads\/2022\/06\/sala-formaa\u2206o2-300x169.jpg 300w, https:\/\/ambiglobal.com\/web\/wp-content\/uploads\/2022\/06\/sala-formaa\u2206o2-1024x576.jpg 1024w, https:\/\/ambiglobal.com\/web\/wp-content\/uploads\/2022\/06\/sala-formaa\u2206o2-768x432.jpg 768w, https:\/\/ambiglobal.com\/web\/wp-content\/uploads\/2022\/06\/sala-formaa\u2206o2-1536x864.jpg 1536w, https:\/\/ambiglobal.com\/web\/wp-content\/uploads\/2022\/06\/sala-formaa\u2206o2-2048x1152.jpg 2048w\" sizes=\"auto, (max-width: 2560px) 100vw, 2560px\" \/><\/figure>\n<\/figure>\n\n\n\n<div style=\"height:40px\" aria-hidden=\"true\" class=\"wp-block-spacer\"><\/div>\n","protected":false},"excerpt":{"rendered":"<p>A Ambiglobal nasceu em 1999, focando a sua atividade na \u00e1rea da Seguran\u00e7a e Sa\u00fade no Trabalho tendo alcan\u00e7ado as certifica\u00e7\u00f5es pela Autoridade para as Condi\u00e7\u00f5es de Trabalho e Dire\u00e7\u00e3o Geral da Sa\u00fade. Em 2015 alcan\u00e7ou a certifica\u00e7\u00e3o da DGERT enquanto entidade formadora certificada no \u00e2mbito da forma\u00e7\u00e3o profissional para empresas e clientes particulares, tendo&hellip;&nbsp;<a href=\"https:\/\/ambiglobal.com\/web\/\" rel=\"bookmark\">Ler mais &raquo;<span class=\"screen-reader-text\">Home<\/span><\/a><\/p>\n","protected":false},"author":1,"featured_media":0,"parent":0,"menu_order":0,"comment_status":"closed","ping_status":"closed","template":"","meta":{"neve_meta_sidebar":"full-width","neve_meta_container":"","neve_meta_enable_content_width":"on","neve_meta_content_width":100,"neve_meta_title_alignment":"","neve_meta_author_avatar":"","neve_post_elements_order":"","neve_meta_disable_header":"","neve_meta_disable_footer":"","neve_meta_disable_title":"on","_themeisle_gutenberg_block_has_review":false,"footnotes":""},"class_list":["post-76","page","type-page","status-publish","hentry"],"yoast_head":"<!-- This site is optimized with the Yoast SEO plugin v27.5 - https:\/\/yoast.com\/product\/yoast-seo-wordpress\/ -->\n<title>Home - Ambiglobal<\/title>\n<meta name=\"description\" content=\"A Ambiglobal \u00e9 uma empresa de Seguran\u00e7a e Sa\u00fade no Trabalho, fundada em 1999 e certificada pela ACT e DGS.\" \/>\n<meta name=\"robots\" content=\"index, follow, max-snippet:-1, max-image-preview:large, max-video-preview:-1\" \/>\n<link rel=\"canonical\" href=\"https:\/\/ambiglobal.com\/web\/\" \/>\n<meta property=\"og:locale\" content=\"pt_PT\" \/>\n<meta property=\"og:type\" content=\"article\" \/>\n<meta property=\"og:title\" content=\"Home - Ambiglobal\" \/>\n<meta property=\"og:description\" content=\"A Ambiglobal \u00e9 uma empresa de Seguran\u00e7a e Sa\u00fade no Trabalho, fundada em 1999 e certificada pela ACT e DGS.\" \/>\n<meta property=\"og:url\" content=\"https:\/\/ambiglobal.com\/web\/\" \/>\n<meta property=\"og:site_name\" content=\"Ambiglobal\" \/>\n<meta property=\"article:modified_time\" content=\"2023-01-08T17:17:43+00:00\" \/>\n<meta property=\"og:image\" content=\"https:\/\/ambiglobal.com\/web\/wp-content\/uploads\/2022\/08\/Facebook_capa-1-edited-e1660913224566-1024x205.png\" \/>\n<meta name=\"twitter:card\" content=\"summary_large_image\" \/>\n<meta name=\"twitter:label1\" content=\"Tempo estimado de leitura\" \/>\n\t<meta name=\"twitter:data1\" content=\"3 minutos\" \/>\n<script type=\"application\/ld+json\" class=\"yoast-schema-graph\">{\"@context\":\"https:\\\/\\\/schema.org\",\"@graph\":[{\"@type\":\"WebPage\",\"@id\":\"https:\\\/\\\/ambiglobal.com\\\/web\\\/\",\"url\":\"https:\\\/\\\/ambiglobal.com\\\/web\\\/\",\"name\":\"Home - Ambiglobal\",\"isPartOf\":{\"@id\":\"https:\\\/\\\/ambiglobal.com\\\/web\\\/#website\"},\"primaryImageOfPage\":{\"@id\":\"https:\\\/\\\/ambiglobal.com\\\/web\\\/#primaryimage\"},\"image\":{\"@id\":\"https:\\\/\\\/ambiglobal.com\\\/web\\\/#primaryimage\"},\"thumbnailUrl\":\"https:\\\/\\\/ambiglobal.com\\\/web\\\/wp-content\\\/uploads\\\/2022\\\/08\\\/Facebook_capa-1-edited-e1660913224566-1024x205.png\",\"datePublished\":\"2020-06-17T12:34:02+00:00\",\"dateModified\":\"2023-01-08T17:17:43+00:00\",\"description\":\"A Ambiglobal \u00e9 uma empresa de Seguran\u00e7a e Sa\u00fade no Trabalho, fundada em 1999 e certificada pela ACT e DGS.\",\"breadcrumb\":{\"@id\":\"https:\\\/\\\/ambiglobal.com\\\/web\\\/#breadcrumb\"},\"inLanguage\":\"pt-PT\",\"potentialAction\":[{\"@type\":\"ReadAction\",\"target\":[\"https:\\\/\\\/ambiglobal.com\\\/web\\\/\"]}]},{\"@type\":\"ImageObject\",\"inLanguage\":\"pt-PT\",\"@id\":\"https:\\\/\\\/ambiglobal.com\\\/web\\\/#primaryimage\",\"url\":\"https:\\\/\\\/ambiglobal.com\\\/web\\\/wp-content\\\/uploads\\\/2022\\\/08\\\/Facebook_capa-1-edited-e1660913224566.png\",\"contentUrl\":\"https:\\\/\\\/ambiglobal.com\\\/web\\\/wp-content\\\/uploads\\\/2022\\\/08\\\/Facebook_capa-1-edited-e1660913224566.png\",\"width\":3621,\"height\":724,\"caption\":\"Ambiglobal\"},{\"@type\":\"BreadcrumbList\",\"@id\":\"https:\\\/\\\/ambiglobal.com\\\/web\\\/#breadcrumb\",\"itemListElement\":[{\"@type\":\"ListItem\",\"position\":1,\"name\":\"In\u00edcio\",\"item\":\"https:\\\/\\\/ambiglobal.com\\\/web\\\/\"},{\"@type\":\"ListItem\",\"position\":2,\"name\":\"Home\"}]},{\"@type\":\"WebSite\",\"@id\":\"https:\\\/\\\/ambiglobal.com\\\/web\\\/#website\",\"url\":\"https:\\\/\\\/ambiglobal.com\\\/web\\\/\",\"name\":\"Ambiglobal\",\"description\":\"Medicina, Seguran\u00e7a e Forma\u00e7\u00e3o\",\"publisher\":{\"@id\":\"https:\\\/\\\/ambiglobal.com\\\/web\\\/#organization\"},\"potentialAction\":[{\"@type\":\"SearchAction\",\"target\":{\"@type\":\"EntryPoint\",\"urlTemplate\":\"https:\\\/\\\/ambiglobal.com\\\/web\\\/?s={search_term_string}\"},\"query-input\":{\"@type\":\"PropertyValueSpecification\",\"valueRequired\":true,\"valueName\":\"search_term_string\"}}],\"inLanguage\":\"pt-PT\"},{\"@type\":\"Organization\",\"@id\":\"https:\\\/\\\/ambiglobal.com\\\/web\\\/#organization\",\"name\":\"Ambiglobal\",\"url\":\"https:\\\/\\\/ambiglobal.com\\\/web\\\/\",\"logo\":{\"@type\":\"ImageObject\",\"inLanguage\":\"pt-PT\",\"@id\":\"https:\\\/\\\/ambiglobal.com\\\/web\\\/#\\\/schema\\\/logo\\\/image\\\/\",\"url\":\"https:\\\/\\\/ambiglobal.com\\\/web\\\/wp-content\\\/uploads\\\/2020\\\/12\\\/neve-doctor-logo-2.png\",\"contentUrl\":\"https:\\\/\\\/ambiglobal.com\\\/web\\\/wp-content\\\/uploads\\\/2020\\\/12\\\/neve-doctor-logo-2.png\",\"width\":200,\"height\":200,\"caption\":\"Ambiglobal\"},\"image\":{\"@id\":\"https:\\\/\\\/ambiglobal.com\\\/web\\\/#\\\/schema\\\/logo\\\/image\\\/\"}}]}<\/script>\n<!-- \/ Yoast SEO plugin. -->","yoast_head_json":{"title":"Home - Ambiglobal","description":"A Ambiglobal \u00e9 uma empresa de Seguran\u00e7a e Sa\u00fade no Trabalho, fundada em 1999 e certificada pela ACT e DGS.","robots":{"index":"index","follow":"follow","max-snippet":"max-snippet:-1","max-image-preview":"max-image-preview:large","max-video-preview":"max-video-preview:-1"},"canonical":"https:\/\/ambiglobal.com\/web\/","og_locale":"pt_PT","og_type":"article","og_title":"Home - Ambiglobal","og_description":"A Ambiglobal \u00e9 uma empresa de Seguran\u00e7a e Sa\u00fade no Trabalho, fundada em 1999 e certificada pela ACT e DGS.","og_url":"https:\/\/ambiglobal.com\/web\/","og_site_name":"Ambiglobal","article_modified_time":"2023-01-08T17:17:43+00:00","og_image":[{"url":"https:\/\/ambiglobal.com\/web\/wp-content\/uploads\/2022\/08\/Facebook_capa-1-edited-e1660913224566-1024x205.png","type":"","width":"","height":""}],"twitter_card":"summary_large_image","twitter_misc":{"Tempo estimado de leitura":"3 minutos"},"schema":{"@context":"https:\/\/schema.org","@graph":[{"@type":"WebPage","@id":"https:\/\/ambiglobal.com\/web\/","url":"https:\/\/ambiglobal.com\/web\/","name":"Home - Ambiglobal","isPartOf":{"@id":"https:\/\/ambiglobal.com\/web\/#website"},"primaryImageOfPage":{"@id":"https:\/\/ambiglobal.com\/web\/#primaryimage"},"image":{"@id":"https:\/\/ambiglobal.com\/web\/#primaryimage"},"thumbnailUrl":"https:\/\/ambiglobal.com\/web\/wp-content\/uploads\/2022\/08\/Facebook_capa-1-edited-e1660913224566-1024x205.png","datePublished":"2020-06-17T12:34:02+00:00","dateModified":"2023-01-08T17:17:43+00:00","description":"A Ambiglobal \u00e9 uma empresa de Seguran\u00e7a e Sa\u00fade no Trabalho, fundada em 1999 e certificada pela ACT e DGS.","breadcrumb":{"@id":"https:\/\/ambiglobal.com\/web\/#breadcrumb"},"inLanguage":"pt-PT","potentialAction":[{"@type":"ReadAction","target":["https:\/\/ambiglobal.com\/web\/"]}]},{"@type":"ImageObject","inLanguage":"pt-PT","@id":"https:\/\/ambiglobal.com\/web\/#primaryimage","url":"https:\/\/ambiglobal.com\/web\/wp-content\/uploads\/2022\/08\/Facebook_capa-1-edited-e1660913224566.png","contentUrl":"https:\/\/ambiglobal.com\/web\/wp-content\/uploads\/2022\/08\/Facebook_capa-1-edited-e1660913224566.png","width":3621,"height":724,"caption":"Ambiglobal"},{"@type":"BreadcrumbList","@id":"https:\/\/ambiglobal.com\/web\/#breadcrumb","itemListElement":[{"@type":"ListItem","position":1,"name":"In\u00edcio","item":"https:\/\/ambiglobal.com\/web\/"},{"@type":"ListItem","position":2,"name":"Home"}]},{"@type":"WebSite","@id":"https:\/\/ambiglobal.com\/web\/#website","url":"https:\/\/ambiglobal.com\/web\/","name":"Ambiglobal","description":"Medicina, Seguran\u00e7a e Forma\u00e7\u00e3o","publisher":{"@id":"https:\/\/ambiglobal.com\/web\/#organization"},"potentialAction":[{"@type":"SearchAction","target":{"@type":"EntryPoint","urlTemplate":"https:\/\/ambiglobal.com\/web\/?s={search_term_string}"},"query-input":{"@type":"PropertyValueSpecification","valueRequired":true,"valueName":"search_term_string"}}],"inLanguage":"pt-PT"},{"@type":"Organization","@id":"https:\/\/ambiglobal.com\/web\/#organization","name":"Ambiglobal","url":"https:\/\/ambiglobal.com\/web\/","logo":{"@type":"ImageObject","inLanguage":"pt-PT","@id":"https:\/\/ambiglobal.com\/web\/#\/schema\/logo\/image\/","url":"https:\/\/ambiglobal.com\/web\/wp-content\/uploads\/2020\/12\/neve-doctor-logo-2.png","contentUrl":"https:\/\/ambiglobal.com\/web\/wp-content\/uploads\/2020\/12\/neve-doctor-logo-2.png","width":200,"height":200,"caption":"Ambiglobal"},"image":{"@id":"https:\/\/ambiglobal.com\/web\/#\/schema\/logo\/image\/"}}]}},"_links":{"self":[{"href":"https:\/\/ambiglobal.com\/web\/wp-json\/wp\/v2\/pages\/76","targetHints":{"allow":["GET"]}}],"collection":[{"href":"https:\/\/ambiglobal.com\/web\/wp-json\/wp\/v2\/pages"}],"about":[{"href":"https:\/\/ambiglobal.com\/web\/wp-json\/wp\/v2\/types\/page"}],"author":[{"embeddable":true,"href":"https:\/\/ambiglobal.com\/web\/wp-json\/wp\/v2\/users\/1"}],"replies":[{"embeddable":true,"href":"https:\/\/ambiglobal.com\/web\/wp-json\/wp\/v2\/comments?post=76"}],"version-history":[{"count":39,"href":"https:\/\/ambiglobal.com\/web\/wp-json\/wp\/v2\/pages\/76\/revisions"}],"predecessor-version":[{"id":1033,"href":"https:\/\/ambiglobal.com\/web\/wp-json\/wp\/v2\/pages\/76\/revisions\/1033"}],"wp:attachment":[{"href":"https:\/\/ambiglobal.com\/web\/wp-json\/wp\/v2\/media?parent=76"}],"curies":[{"name":"wp","href":"https:\/\/api.w.org\/{rel}","templated":true}]}}